 - -28. Calculate a(w).
6
Suppose -b + 1 = -6. Let v(x) = -x**3 + 8*x**2 - 5*x - 9. What is v(b)?
5
Let m be (-1)/((-6)/(-10)*(-1)/(-3)). Let x(u) = -u**2 - 3*u + 4. Determine x(m).
-6
Let s(z) = z**3 - 5*z**2 + 4. Let b be -5 - (4 - -36)/(-4). What is s(b)?
4
Let a = -50 + 29. Let m be (-2 - a/15)*5. Let l(n) = n**2 + 2*n - 2. Let c be l(m). Let v(q) = -4*q. Determine v(c).
-4
Let b(d) be the second derivative of d**3/6 - 7*d**2 - 2*d. Let v(f) = -9*f - 11. Let q be v(-2). Determine b(q).
-7
Let y be (1 - (-2 + 3))/(-2). Let v(r) be the third derivative of -3/2*r**3 + 0*r + 2*r**2 - 1/60*r**5 + 1/24*r**4 + 0. Give v(y).
-9
Suppose 2*u - 5*k = -1, -3*u = -0*k + 2*k - 8. Let o be u/6 + (-5)/(-3). Let j(n) = -2*n + n + o*n. What is j(5)?
5
Let f(y) = -y**2 + 5*y - 4. Let a(z) = -z + 17. Let g be a(12). Let o(l) = -l**3 + 4*l**2 + 7*l - 5. Let j be o(g). Determine f(j).
-4
Let a(u) = u**3 - 7*u**2 + 9*u - 14. Let k be a(6). Let n(b) be the third derivative of b**5/60 - b**4/12 - 2*b**3/3 + 2*b**2. Calculate n(k).
4
Let g(q) be the second derivative of -q**4/12 + 5*q**3/6 + 2*q. Let i be g(6). Let d be 4 + 3/i*0. Let w(j) = -j**3 + 5*j**2 - 4*j + 3. Calculate w(d).
3
Let d be (8/(-8))/((-1)/4). Let w(z) = d*z + 2*z - 6 - 2*z - z**2. Determine w(4).
-6
Let j(i) = -i**3 + i**2 + i. Let y(z) = 3*z**3 - 3*z**2 - 3*z + 5. Let n(k) = 4*j(k) + y(k). Give n(0).
5
Let u(y) = -3*y + 8. Let w(c) = 3*c - 7. Let h(o) = -6*u(o) - 7*w(o). Suppose 0 = 2*n + n - 3. Let x = 4 - n. Calculate h(x).
-8
Let s(l) = 4*l**2 - 5 + 2*l + 2 + 5 - 6*l**2. Let w(i) = i**2 - i. Let u(v) = -s(v) - w(v). Let y(z) be the first derivative of u(z). What is y(-5)?
-11
Let w = -13 + 18. Suppose v - w*f + 4 - 33 = 0, 2*f = 3*v - 22. Let i(c) = -2*c - v + c - 5. Calculate i(0).
-9
Suppose 7*p - 6*p = -n - 3, -5*n + 5 = -5*p. Let l(u) be the second derivative of u**4/6 - u**3/6 - u**2/2 - u. Determine l(n).
2
Let h(u) = -9*u. Suppose 3*p = -4*j - 4 - 3, 2*p + 1 = j. Give h(p).
9
Suppose 1 - 7 = 3*a. Let x be (-1)/a*(-1 - -1). Let v(i) = 0*i - 3*i + 2*i - 7. What is v(x)?
-7
Let o(l) be the third derivative of l**5/60 - l**4/12 + l**3/6 - 9*l**2. Calculate o(2).
1
Suppose 3*o + 0 = -5*a - 3, -2*a + 3*o + 3 = 0. Let z be (5 - -4) + -1 + a. Let h be (20/(-16))/(2/z). Let w(p) = p**3 + 6*p**2 + 3*p - 6. Determine w(h).
4
Let p(q) = -q**2 + 4. Let u = -2 - -5. Determine p(u).
-5
Suppose 4*q - 3*q = -5. Let s(o) be the first derivative of -o**3/3 - 7*o**2/2 - 6*o - 1. Determine s(q).
4
Let r(t) = t**2 - 5*t - 10. Let a be r(6). Let s(c) = -c**3 - 5*c**2 - 5*c + 4. Determine s(a).
8
Let q(j) be the first derivative of j**4/4 - 2*j**3 + 3*j**2 + 7*j + 6. Determine q(5).
12
Let r be 1/(-2*1/14). Let i = -12 - r. Let z(n) = n**2 + 3*n + 1. Calculate z(i).
11
Let b(w) = -3*w + 3. Suppose -2*k = -4*k + 10. Calculate b(k).
-12
Suppose -130*c + 125*c - 5 = 0. Let q(l) = 6*l**2 + l + 1. What is q(c)?
6
Let d = 39 + -45. Let t(a) = a + 2. Determine t(d).
-4
Let d(y) be the third derivative of y**4/8 - y**3/3 - y**2. Let k(s) = -2*s + 18. Let z be k(8). Give d(z).
4
Let v(w) = -w**2 - 3*w + 7. Let x be v(-3). Let q(i) = -i**3 + 7*i**2 + i. Calculate q(x).
7
Let i(b) = -b**2 + 5*b + 3. Let f(l) = 5*l**2 - 26*l - 15. Suppose 3*z - 2 = 4. Let m(g) = z*f(g) + 11*i(g). Determine m(5).
-7
Let i = -5 + 7. Let w(t) = -1 - 4*t**2 + 3 - 3 + 3*t**i. Determine w(-1).
-2
Let s(p) = -5*p**3 + 3*p**2 - 4*p - 1. Let z(a) = -4*a**3 + 3*a**2 - 4*a. Let v(j) = -3*s(j) + 4*z(j). Give v(2).
-1
Let l(r) = r**2 + 3*r - 8. Let f be l(-5). Let s(x) = 0*x - x + 4*x - f*x. Determine s(1).
1
Let j(k) = 3*k - 1. Let b be (5/(-15))/((-2)/78). Let d = b + -6. Let v = 5 - d. What is j(v)?
-7
Let t(f) be the first derivative of -f**2/2 - 3*f - 7. Let u(q) = -2*q**2 + 10*q - 4. Let h be u(4). Calculate t(h).
-7
Let m(n) be the third derivative of -n**5/60 + n**4/24 - n**3/6 + n**2. Let a be m(1). Let o(t) = 3*t**2. Calculate o(a).
3
Let l(v) = -v + 1. Let c(p) = p - 5. Let i be c(4). Let r be (-1)/(-1)*(i + -10). Let k = r + 12. Give l(k).
0
Let l(q) = -q**2 + 4*q + 5. Let y be l(-2). Let r(j) = -j**3 - 7*j**2 - j - 10. Give r(y).
-3
Let i(a) = -3 + 1 + 158*a + a**2 - 2 - 161*a. Calculate i(5).
6
Let l(p) = 13*p**3 - 2*p**2 + p. Let y be l(1). Suppose 4*a = y, -s - 3*a + 17 = s. Suppose 5 = -s*f - 3. Let h(k) = k**2 + 1. Determine h(f).
5
Let t(p) = p. Let s = -20 + 25. Suppose 3*i - 12 = s*c, -4*c - 11 = -2*i - 1. What is t(c)?
-3
Let x = 7 + -7. Let t(r) = r + x + 1 + 4 + 1. Give t(-3).
3
Let c(m) = -7*m + 11. Let p(k) = -3*k + 6. Let o(f) = 2*c(f) - 5*p(f). Suppose 0 = 4*v - 24 - 0. What is o(v)?
-2
Let f(a) = -a**2 - 2*a + 3. Let r = -8 - -5. Give f(r).
0
Let i(g) = -g. Suppose 11*l + 4 = -18. Determine i(l).
2
Let d(m) be the second derivative of -m**5/60 - m**4/12 + m**3/3 + m**2 - 2*m. Let q(a) be the first derivative of d(a). Give q(-4).
-6
Let a(p) = -7*p - p + p + 1. What is a(2)?
-13
Let l(c) = -c + 7. Let b be l(7). Let w(j) = j**3 + j**2 + 7. Let t be w(b). Let m(h) = h - 3. Calculate m(t).
4
Let d be (-1)/2 - (-81)/18. Suppose 2*m - d*u = -3 - 1, -5*u = -5. Let a(v) = -v**2 + v + 6. Give a(m).
6
Let f(a) = a**3 - 4*a + 3. Let w be 2/4 + (-3)/6. Suppose w*y - y + 13 = 0. Suppose 4*b + 4*d = 16, -1 = -4*b - 3*d + y. Give f(b).
3
Let b = -49 + 46. Let x(a) = -a**3 - 3*a**2 + a - 2. Determine x(b).
-5
Let r(b) = 18 + b + 4 - 31. Give r(8).
-1
Let d(s) = 8*s**3 - s**2 - s - 1. Suppose -3 = -5*r + 2*h - 4*h, 3*h + 4 = r. Suppose -r + 6 = -5*k. Let a be -3 - -1 - (k - 0). What is d(a)?
-9
Let d(p) = 2*p**3 - p**2 - 5*p - 5. Let c(o) = -o**3 - o - 1. Let r(u) = 5*c(u) - d(u). Let f(k) = 2*k**3 - k**2 - k + 1. Let w be f(1). Calculate r(w).
-6
Let p(b) = -b**2 + 6*b + 96. Let v be p(13). Let q(s) = 2 + 0*s + 4 - 4*s. Determine q(v).
-14
Let r(z) = z**2 + 6*z - 6. Let m be r(-7). Suppose 0 = q - 3 + m. Let u(c) = c**3 - 3*c**2 + 4*c - 3. Calculate u(q).
1
Let q(g) = -6*g**2 + 5. Let n(b) = 2*b**2 - 2. Let o(l) = 8*n(l) + 3*q(l). Give o(-1).
-3
Let d = -5 - -9. Let m(p) = -p**3 + 5*p**2 - 2*p - 2. Calculate m(d).
6
Let h be (16/12)/(2/(-3)). Let i(l) = l**2 - 2. Calculate i(h).
2
Let a(q) = 3*q - 3. Let n = -11 - -15. Suppose n + 0 = -2*v. Let p be (-1)/(v - (-15)/9). Calculate a(p).
6
Let j(s) be the second derivative of 0 + 2*s**2 - 1/6*s**3 - 3*s. Give j(3).
1
Let c be 4/(-5)*(-10)/4. Let x(g) = g**c - 2*g**2 - 2 - 1. Suppose -r + 2*r = 0. Calculate x(r).
-3
Let l(u) = 1. Let k(g) = g**2 - 6*g + 7. Let a(d) = -k(d) + 6*l(d). Let w(v) = -v**2 + 7*v - 6. Suppose -o + 5 = -0. Let b be w(o). Give a(b).
7
Let u(w) = -w**2 - 7*w. Let p = -11 + 18. Suppose p*h - 11*h - 24 = 0. Give u(h).
6
Let r(x) = -x + 13. Let j be r(18). Let f be (j + 4)/(2 + -3). Let z(t) = 6*t**2 - 1. Give z(f).
5
Let y(s) = -4*s**3 + 3*s**2 + 3. Let g be 3/6 - (-2)/4. Let m = 2 + g. Let o(j) = -20*j**3 + 16*j**2 + 16. Let x(z) = m*o(z) - 16*y(z). Give x(-1).
-4
Let m(h) = 1 - 7*h + 8*h - 1 - 5. Calculate m(5).
0
Let l(u) = u**3 - 5*u**2 + u + 4. Let c be l(4). Let j = c + 2. Let w(o) = -o**3 - 7*o**2 - 5*o + 3. What is w(j)?
-3
Let u(s) = 0 + 2 + s**3 - 10. Let f = 116 - 116. Calculate u(f).
-8
Let o(y) be the second derivative of 3*y**2 + 1/6*y**3 + 0 + 2*y. Let t(f) = -1. Let m(l) = o(l) + 4*t(l). What is m(4)?
6
Let c(o) = -5*o**3 - o - 1. Let k be c(-1). Let u(m) = 0*m - 5*m - k*m**2 + 1 + 3*m**2 + 3*m**2. Give u(6).
7
Let p(d) = -3 - 3*d**2 + 6*d**2 + 4 + d**2. What is p(1)?
5
Let a be (-1)/3 + 16/(-24). Let i(l) be the first derivative of 3*l**2 - l + 3. Determine i(a).
-7
Let h be (-17 + 14)*2/(-2) + -2. Let r(x) = -16*x**3 - x**2 - x + 1. Determine r(h).
-17
Suppose 3*k = 2*k + 5. Let g(n) = -n - 3. Let o(m) = -m**2 + 7*m - 7. Let y be o(5). Let u(s) = s + 7. Let t(a) = y*u(a) + 5*g(a). Calculate t(k).
-4
Suppose -j + 2*m = 19, 19 + 31 = -5*j - 5*m. Let v = 12 + j. Let p(f) = -13*f**3 - f. Determine p(v).
14
Let w(l) = -1 + 3*l**2 - 3*l**2 + 2*l + l**3 - l**2 + 4*l**2. Let m(r) = r**3 + 2*r**2 + 3*r - 1. Let y(d) = -2*m(d) + 3*w(d). Let h = 0 - 5. Give y(h).
-1
Let g(d) = -7*d**3 - 2*d**2 + 3*d + 9. Let q(a) = -3*a**3 - a**2 + a + 4. Let z(i) = -2*g(i) + 5*q(i). Give z(-2).
8
Suppose 8 = -4*p, 4*w + 8*p - 3*p = -10. Let g(c) = w*c + 0*c**3 + 7*c**2 - c